 - 7*v - 9. Give t(-10).
-64
Let i(d) be the third derivative of -165*d**2 + 0*d + 0 + 1/60*d**5 + 19/6*d**3 - 1/2*d**4. What is i(10)?
-1
Let o = -4 + 12. Let f = 279 - 276. Let j(v) = -f - 10*v - 8*v + 17*v + v**2 - 6*v. Determine j(o).
5
Let v(o) be the first derivative of o**2 - 1. Let x = 1466 + -1469. What is v(x)?
-6
Let j(p) = -p. Let r = 31 - 29. Suppose -h = -1 - r. Suppose -5*t - 4*q = -0 - 3, h*q = 2*t - 15. Give j(t).
-3
Let l(s) = 8*s**3 - 6*s**2 - 7*s - 4. Let q be l(-2). Let y = -70 - q. Let k(m) = -m**2 + 9*m - 4. Give k(y).
4
Let r(d) = -10*d - 21. Let c(x) = -7*x - 3. Let o(n) = -2*c(n) + r(n). Give o(6).
9
Let v(p) = 2*p**2 - 9*p - 16. Let n be v(6). Let o(t) = -17*t**2 + 36*t**n + 2*t - 4*t - 18*t**2 - 4. What is o(-3)?
11
Let x(v) = 2*v - 1. Let f = 35 + -26. Suppose -15*d + 16*d + f = -2*z, -4*d + 48 = -4*z. Calculate x(z).
-15
Let h(c) = -c + 4. Let j(i) = 5*i + 14. Let y be j(-2). Suppose y*f - 20 = -0. Suppose 3*g - 4*g + 3 = f*x, 0 = 5*x + 3*g - 9. Determine h(x).
4
Let r(n) = 14*n**3 + 6*n**3 + 3*n**2 + n + 5*n**2 - 2*n**3 - 19*n**3 - 3. Determine r(8).
5
Let o be (4 - (-12 - 0)) + 5. Suppose 7 = 2*p + o. Let z be -3 + -1 - p/((-42)/(-48)). Let s(q) = q**2 - 3*q + 6. Give s(z).
10
Let x = -175 + 179. Let j(z) = 4 - 3*z - 6*z + 10*z + x. Calculate j(-4).
4
Let p = -112 - -163. Let f(m) = m + p - 3*m - 55. Let g be f(-3). Let u(k) = k**2. What is u(g)?
4
Let l(y) = y**3 - y**2 - 6*y + 6. Let m = -19744 - -19750. What is l(m)?
150
Suppose -43 + 36 = -3*x + 2*x. Let j(k) = 2*k - 21. Let l(n) = -n + 10. Let z(q) = -4*j(q) - 10*l(q). Determine z(x).
-2
Let l(p) = p**2 + p - 10. Let b(c) = -136*c - 2047. Let u be b(-15). What is l(u)?
32
Suppose 5*p - 2*v = 3*v, 3*p + 3*v = -18. Let m be ((-3)/(-2))/(9/30). Let w(d) = -m*d**2 - d**3 + 2*d**2 + 0 + 3*d - 1. Calculate w(p).
-10
Let h(r) = r**3 + 3*r**2 - 3*r. Suppose -176 = -26*t + 18*t. Suppose -3*j - 4*q = -25, -q + 2 - t = -j. Suppose -6*z - j = -z. What is h(z)?
9
Let r = 336 - 341. Let i be ((-8)/6 - (-8)/24) + r. Let q(u) = u**3 + 7*u**2 + 8*u + 14. What is q(i)?
2
Let g(b) = 2*b**3 - b**2 - b + 2. Let k = 337 - 326. Let y(j) = 10*j**3 - 7*j**2 - 6*j + 11. Let z(n) = k*g(n) - 2*y(n). Determine z(-2).
-6
Let n(x) = -x**3 + 7*x**2 + 14*x + 17. Suppose 2*w - 3*i - 24 = 0, -5*w - 1345*i + 47 = -1346*i. Determine n(w).
-19
Let q(m) be the third derivative of -m**5/60 + 5*m**4/24 - 7*m**3/3 + m**2 - 174*m. Give q(3).
-8
Suppose 483 = 8*l + 13*l. Suppose 10 = 4*d - 5*f, -4*f - 15 = -l. Let g(m) = m**2 - 5*m - 6. Determine g(d).
-6
Let f(j) = 2*j + 12. Let m = 94 + -144. Suppose 0 = -4*b - 3*q + 182, 0 = -3*b + 3*q + 2*q + 122. Let u = b + m. What is f(u)?
0
Suppose -24*d + 19*d = -3*z - 9, 3*d - 9 = 3*z. Let m(i) = 2*i**2 + 10*i + 9. Give m(z).
-3
Let a(h) = 7*h**2 - 19*h + 2. Let y(i) = 10*i**2 - 22*i. Let o(j) = 3*a(j) - 2*y(j). Calculate o(0).
6
Let c(t) be the third derivative of -5*t**4/24 + t**3 + 3*t**2 + 36. Let f be (0 - -2)*(-4)/(-2). What is c(f)?
-14
Let u(d) be the second derivative of -d**4/4 - d**3/6 + 6*d**2 - 4314*d. Calculate u(-4).
-32
Suppose 0 = -1309*r + 1320*r. Let q(g) = -g**2 + g - 1. Let b(f) = -3 - 2*f**2 + 3*f**2 - 4 - 3*f. Let u(x) = -b(x) - 2*q(x). Calculate u(r).
9
Let n(p) be the first derivative of p**3/3 + 2*p**2 - 7*p - 1763. Suppose -6 = 3*y + 9. Give n(y).
-2
Suppose 2*y - 4 = 2*l + 6, -y = 3*l - 25. Suppose -t - 5*v = -18, -3*t + y = v - 2. Let f(j) = -3 + 4*j - 2 + 3 + t. Calculate f(-2).
-7
Let j(x) = x**3 + 3*x**2 - 87*x + 9. Let h(k) = -k**3 + 35*k**2 - 30*k - 147. Let v be h(34). Determine j(v).
-2
Let w(p) = p**2 - 2*p - 6. Let v be w(-2). Let n(z) = -829 + 1664 + z**v - 836 - 5*z. Suppose 4*l - 3*u = 9 + 14, 0 = -5*l - u + 24. Give n(l).
-1
Suppose 4*d - x - 13 = 0, -7*x + 31 = 4*d - 2*x. Let o(h) = 4*h - 1. Let b(u) = -15*u + 7. Let w(c) = d*o(c) + b(c). Determine w(-8).
-5
Suppose -2*y + 5*m + 1 = -1, -3*y + 10 = -4*m. Let q be (1 + y + -7)*2/(-4). Let b be (3/(-2))/(-3)*q. Let c(r) = r**3 + r**2 - r - 3. Determine c(b).
-3
Let q(w) = -w**2 + 10*w + 165. Let t be q(19). Let i(c) = c**2 + 2*c - 18. Determine i(t).
6
Let s(t) = -11*t**3 + 1. Suppose 0 = k + 50 - 49. Let l be s(k). Suppose -l*u - 3 = -9*u. Let n(c) = -8*c**2. What is n(u)?
-8
Let x be 2/4*(-1)/((-3)/132). Let g be 1*(-1 + 0)*29. Let q = x + g. Let z(l) = l + 3. Calculate z(q).
-4
Let p(c) = -689*c + 2069. Let g be p(3). Let o(f) = 8*f**2 + 5*f - 8. Calculate o(g).
34
Let q(l) = -l + 5. Suppose 2*o - 110 = -2*g, 5*g - 3*g - 10 = 0. Suppose -18*b + o = 356. Give q(b).
22
Let y(j) = 9*j + 5*j - 906 + 934. Calculate y(-5).
-42
Let s(t) be the first derivative of -t**5/120 - 23*t**4/24 - 3*t**3 - 5*t + 195. Let h(p) be the third derivative of s(p). Give h(-11).
-12
Let f(a) be the first derivative of -a**7/840 - a**5/120 - a**4/12 - 4*a**3/3 + a + 37. Let j(m) be the third derivative of f(m). Calculate j(-2).
8
Let v(z) be the third derivative of z**4/12 - 23*z**3/6 + 71*z**2 - z. Let p(k) = -k + 12. Let f(h) = -5*p(h) - 2*v(h). Calculate f(18).
4
Let c(l) = l**2 - 15*l - 7. Suppose 5*s - 2*w - 97 = -5*w, 3*w = 2*s - 22. Calculate c(s).
27
Let n be 22/276 - 36/(-414). Let l(s) be the second derivative of s**2 + n*s**3 - 16*s + 0. Give l(-5).
-3
Let q(l) = 56*l + 1526. Let r be q(-27). Let x(t) = 2*t - 26. What is x(r)?
2
Let z(s) be the first derivative of -2*s**2 - s - 1945. What is z(4)?
-17
Let d(t) = 112*t**3 + 19*t**2 + 112*t**3 + 105*t**3 + 107*t**3 - 437*t**3 + 16 - 2*t. Give d(19).
-22
Let p(v) = 5683*v - 6. Let h be p(0). Let c(d) be the first derivative of -d**4/4 - 7*d**3/3 - 4*d**2 - d - 1. Determine c(h).
11
Let t(m) = m**2 + 10*m + 23. Let c be t(-7). Let l(b) = -10*b - b**3 + 6*b + 2*b - c*b**2 - 1. Calculate l(-1).
0
Let z(t) = 3*t + 20. Let o = 397 + -402. Give z(o).
5
Let g(l) = l**3 + 7*l**2. Let v be 3 + (-1)/((-3)/(-15)) - -2. Suppose -3*p - p - 2*r = v, 3*r + 5 = -p. Suppose c + 3*x - p = -5, 3*x - 10 = c. Determine g(c).
0
Let i(n) = -n**2 + 9*n + 7. Let r(t) = t**3 + 14*t**2 + 30*t - 24. Let j be r(-11). Let q be 68/306 + 88/j. Determine i(q).
-3
Let h(s) = -6*s + 14. Let g be h(3). Let p(y) be the first derivative of -1/2*y**2 - 4*y + 3. Calculate p(g).
0
Let m(l) = -l**3 - 4*l**2 + 13*l + 34. Suppose 22*x - 24 = 26*x + y, -30 = 2*x + 5*y. Determine m(x).
-6
Let d(p) be the second derivative of -p**4/12 - 2*p**3/3 + 6*p**2 + 140*p. Let x be -4 + 6 + -3 + -6. What is d(x)?
-9
Suppose -4*i = 8, 5*q + 45 = 10*q + 5*i. Let r(j) be the second derivative of -3/2*j**2 - 1/6*j**3 - q*j + 0. Give r(0).
-3
Let p be 2 - 12/(-48)*4. Let b(u) = 3*u**3 - 2*u**2 + 3*u + 3. Calculate b(p).
75
Suppose -32 = -a + 2. Suppose d = -5*p - a, -6*p - 104 = 4*d - 2*p. Let k be (-5)/(-2)*d/30. Let o(h) = -h**3 - h**2 + 2*h - 1. Determine o(k).
-1
Let r(q) be the first derivative of q**3/3 - 2*q**2 - 8*q - 105. Let a = 23 + -15. What is r(a)?
24
Let w(p) = -p**2 + 13*p - 13. Suppose -3*c - 25*c + 6*c = -198. What is w(c)?
23
Let k(o) = o**3 - 4*o**2 + 4*o - 4. Let h(s) = -s**3 - 73*s**2 - 208*s + 143. Let l be h(-70). What is k(l)?
-1
Let l(y) = y**2 + y**3 - 603 - 3*y + 2*y - 3*y + 588 + y. Give l(0).
-15
Let i(w) = w**3 - 6*w**2 - 8*w - 1. Let b be (-12)/8*38/(-3). Suppose -5*x - 2*q = -7, x = q + 3*q + b. Suppose 0 = -x*s + 8*s - 35. Determine i(s).
-8
Let v(k) = -9*k**2 - 26*k + 8. Let c(o) = 4*o**2 + 13*o - 3. Let q be (-882)/189*6/(-4). Let g(f) = q*c(f) + 3*v(f). What is g(-14)?
17
Let y be (0 + -2)*1 + -3. Let a(q) = 132*q - 40*q - 51*q - 40*q + 1. Calculate a(y).
-4
Let k be 1/(-2) - (-2)/(-4). Let h(l) = 191*l + 8. Let m(a) = 121*a + 5. Let u(t) = -19*h(t) + 30*m(t). What is u(k)?
-3
Suppose -26 = -9*m - 4*m. Suppose -m*n = -5*z + 20, -2*z - 2*z - 4*n + 16 = 0. Let i(v) = v - 6. Calculate i(z).
-2
Let r(k) = -13614*k**3 + 2*k + 2*k**2 - 2 + 3 + 13629*k**3. Suppose -2*t + 3*t = -s, 5*s = -t - 4. Give r(s).
-14
Let b(z) = -z**3 - 7*z**2 - 8. Let u = 11171 + -11166. Let c(g) be the second derivative of g**3/3 - 17*g**2/2 - g. Let v be c(u). Calculate b(v).
-8
Let l(v) = -3*v**3 + 39*v**2 - 34*v - 22. Let m be l(12). Let t(w) = -57 - 2*w + w**2 + 56 + w. What is t(m)?
1
Suppose -30*q = 5*q + 175. Let j(p) = 3*p**2 + 7*p - 2. Let w(a) = 7*a**2 + 13*a - 4. Let r(c